 divided by 71?
64
What is the remainder when 1292 is divided by 403?
83
Calculate the remainder when 3407 is divided by 61.
52
Calculate the remainder when 1796 is divided by 190.
86
Calculate the remainder when 158 is divided by 23.
20
What is the remainder when 14453 is divided by 29?
11
Calculate the remainder when 170 is divided by 68.
34
What is the remainder when 128 is divided by 44?
40
Calculate the remainder when 117 is divided by 26.
13
What is the remainder when 636 is divided by 9?
6
What is the remainder when 3477 is divided by 319?
287
What is the remainder when 126 is divided by 66?
60
What is the remainder when 70 is divided by 12?
10
Calculate the remainder when 2037 is divided by 24.
21
What is the remainder when 1293 is divided by 16?
13
What is the remainder when 1090 is divided by 84?
82
What is the remainder when 3525 is divided by 12?
9
Calculate the remainder when 440 is divided by 49.
48
What is the remainder when 147 is divided by 30?
27
What is the remainder when 1372 is divided by 43?
39
Calculate the remainder when 1077 is divided by 7.
6
Calculate the remainder when 2087 is divided by 87.
86
What is the remainder when 4229 is divided by 106?
95
Calculate the remainder when 176 is divided by 43.
4
What is the remainder when 140 is divided by 138?
2
What is the remainder when 1768 is divided by 252?
4
What is the remainder when 708 is divided by 119?
113
Calculate the remainder when 222 is divided by 45.
42
Calculate the remainder when 540 is divided by 260.
20
What is the remainder when 1360 is divided by 91?
86
What is the remainder when 3959 is divided by 12?
11
What is the remainder when 28378 is divided by 165?
163
Calculate the remainder when 2055 is divided by 27.
3
Calculate the remainder when 460 is divided by 121.
97
What is the remainder when 47 is divided by 26?
21
What is the remainder when 298 is divided by 60?
58
Calculate the remainder when 151 is divided by 114.
37
Calculate the remainder when 737 is divided by 25.
12
What is the remainder when 1761 is divided by 578?
27
What is the remainder when 268 is divided by 37?
9
Calculate the remainder when 4009 is divided by 34.
31
Calculate the remainder when 10078 is divided by 142.
138
Calculate the remainder when 631 is divided by 88.
15
Calculate the remainder when 114 is divided by 82.
32
Calculate the remainder when 2276 is divided by 17.
15
What is the remainder when 525 is divided by 203?
119
What is the remainder when 193 is divided by 54?
31
Calculate the remainder when 39 is divided by 28.
11
Calculate the remainder when 258 is divided by 118.
22
Calculate the remainder when 4554 is divided by 134.
132
Calculate the remainder when 669 is divided by 4.
1
What is the remainder when 515 is divided by 104?
99
What is the remainder when 161 is divided by 31?
6
What is the remainder when 89 is divided by 26?
11
What is the remainder when 558 is divided by 52?
38
Calculate the remainder when 2704 is divided by 61.
20
What is the remainder when 177 is divided by 61?
55
What is the remainder when 278 is divided by 67?
10
Calculate the remainder when 627 is divided by 211.
205
Calculate the remainder when 1273 is divided by 14.
13
What is the remainder when 4655 is divided by 24?
23
Calculate the remainder when 81 is divided by 23.
12
What is the remainder when 591 is divided by 18?
15
Calculate the remainder when 101 is divided by 26.
23
Calculate the remainder when 148 is divided by 25.
23
Calculate the remainder when 5534 is divided by 29.
24
Calculate the remainder when 128 is divided by 45.
38
What is the remainder when 405 is divided by 151?
103
What is the remainder when 344 is divided by 69?
68
What is the remainder when 2969 is divided by 35?
29
What is the remainder when 3146 is divided by 35?
31
Calculate the remainder when 13229 is divided by 30.
29
What is the remainder when 4611 is divided by 922?
1
What is the remainder when 628 is divided by 155?
8
What is the remainder when 332 is divided by 34?
26
What is the remainder when 56 is divided by 47?
9
What is the remainder when 171 is divided by 92?
79
Calculate the remainder when 76 is divided by 45.
31
What is the remainder when 61 is divided by 31?
30
What is the remainder when 241 is divided by 42?
31
Calculate the remainder when 13264 is divided by 78.
4
What is the remainder when 204 is divided by 23?
20
What is the remainder when 861 is divided by 50?
11
Calculate the remainder when 63 is divided by 24.
15
What is the remainder when 38 is divided by 11?
5
Calculate the remainder when 1624 is divided by 181.
176
Calculate the remainder when 1561 is divided by 142.
141
Calculate the remainder when 167 is divided by 24.
23
Calculate the remainder when 271 is divided by 34.
33
What is the remainder when 1347 is divided by 8?
3
Calculate the remainder when 183 is divided by 54.
21
What is the remainder when 296 is divided by 50?
46
What is the remainder when 218 is divided by 151?
67
Calculate the remainder when 2108 is divided by 300.
8
What is the remainder when 165 is divided by 86?
79
What is the remainder when 898 is divided by 9?
7
What is the remainder when 60 is divided by 16?
12
What is the remainder when 20981 is divided by 172?
169
Calculate the remainder when 140 is divided by 12.
8
Calculate the remainder when 5790 is divided by 148.
18
Calculate the remainder when 5456 is divided by 17.
16
What is the remainder when 256 is divided by 54?
40
Calculate the remainder when 1831 is divided by 14.
11
What is the remainder when 507 is divided by 24?
3
What is the remainder when 5288 is divided by 2641?
6
Calculate the remainder when 2108 is divided by 2104.
4
Calculate the remainder when 184 is divided by 94.
90
Calculate the remainder when 824 is divided by 69.
65
What is the remainder when 35853 is divided by 91?
90
Calculate the remainder when 420 is divided by 181.
58
What is the remainder when 678 is divided by 85?
83
Calculate the remainder when 329 is divided by 66.
65
Calculate the remainder when 32 is divided by 5.
2
Calculate the remainder when 2172 is divided by 64.
60
Calculate the remainder when 312 is divided by 80.
72
What is the remainder when 121 is divided by 52?
17
What is the remainder when 2543 is divided by 98?
93
What is the remainder when 149 is divided by 15?
14
What is the remainder when 1622 is divided by 28?
26
Calculate the remainder when 248 is divided by 66.
50
Calculate the remainder when 1184 is divided by 4.
0
Calculate the remainder when 217 is divided by 11.
8
What is the remainder when 1991 is divided by 111?
104
Calculate the remainder when 1802 is divided by 41.
39
Calculate the remainder when 876 is divided by 55.
51
What is the remainder when 742 is divided by 186?
184
What is the remainder when 214 is divided by 15?
4
What is the remainder when 465 is divided by 36?
33
What is the remainder when 135 is divided by 9?
0
What is the remainder when 23302 is divided by 59?
56
Calculate the remainder when 56 is divided by 33.
23
What is the remainder when 260 is divided by 249?
11
Calculate the remainder when 26 is divided by 12.
2
What is the remainder when 1153 is divided by 77?
75
Calculate the remainder when 28 is divided by 18.
10
What is the remainder when 442 is divided by 97?
54
Calculate the remainder when 17 is divided by 4.
1
Calculate the remainder when 106 is divided by 54.
52
What is the remainder when 199 is divided by 43?
27
Calculate the remainder when 11548 is divided by 679.
5
Calculate the remainder when 4147 is divided by 34.
33
What is the remainder when 2161 is divided by 94?
93
Calculate the remainder when 437 is divided by 91.
73
What is the remainder when 108 is divided by 8?
4
Calculate the remainder when 387 is divided by 78.
75
Calculate the remainder when 1039 is divided by 12.
7
What is the remainder when 132 is divided by 70?
62
Calculate the remainder when 3493 is divided by 864.
37
What is the remainder when 697 is divided by 19?
13
What is the remainder when 9177 is divided by 15?
12
What is the remainder when 1342 is divided by 25?
17
Calculate the remainder when 1510 is divided by 63.
61
Calculate the remainder when 5885 is divided by 218.
217
What is the remainder when 193 is divided by 98?
95
Calculate 